11145
-220211 (base 3) to base 13
-3c7
Convert -11251 (base 16) to base 6.
-1301041
What is -24b (base 15) in base 11?
-434
What is 375 (base 11) in base 9?
544
What is 61bc (base 13) in base 6?
142310
-d01 (base 15) to base 4
-231232
Convert -40276 (base 9) to base 3.
-1100022120
What is -544 (base 6) in base 2?
-11010000
What is 46b (base 15) in base 3?
1101002
What is e13 (base 15) in base 6?
22400
-200045 (base 6) to base 7
-63266
What is -132321 (base 4) in base 7?
-5523
45400 (base 7) to base 4
2303323
What is 2880 (base 10) in base 14?
109a
What is -102152 (base 7) in base 16?
-44ab
What is 10010101 (base 2) in base 8?
225
What is 90 (base 14) in base 10?
126
-20b31 (base 12) to base 16
-a855
Convert -661d (base 14) to base 16.
-4503
100250 (base 6) to base 7
31653
What is -893 (base 11) in base 13?
-644
What is -211 (base 15) in base 3?
-122021
Convert 4313 (base 5) to base 12.
407
What is 1141 (base 7) in base 5?
3141
Convert -300210 (base 4) to base 7.
-12030
Convert 7551 (base 13) to base 15.
4c60
-554 (base 12) to base 9
-1061
Convert -1212202 (base 3) to base 7.
-3665
What is -1130100 (base 4) in base 11?
-4488
Convert 5130 (base 6) to base 7.
3210
4027 (base 8) to base 13
c34
Convert -5a9e (base 15) to base 12.
-b1a2
What is a5 (base 11) in base 3?
11021
Convert 41010 (base 5) to base 2.
101001000110
What is -2632 (base 8) in base 12?
-9b6
What is -45937 (base 10) in base 12?
-22701
fb0 (base 16) to base 3
12111202
What is -3489 (base 11) in base 2?
-1000111011110
What is 54412 (base 6) in base 10?
7496
Convert 6b3 (base 12) to base 4.
33213
What is 1121213 (base 4) in base 5?
140420
What is -39c4 (base 15) in base 11?
-92a3
50b (base 12) to base 9
1002
Convert 1053 (base 8) to base 6.
2323
Convert -100a3 (base 11) to base 12.
-8656
Convert 1c45 (base 14) to base 10.
5157
What is 341 (base 12) in base 6?
2121
Convert -11636 (base 9) to base 6.
-100053
What is -335 (base 9) in base 6?
-1135
17760 (base 12) to base 2
1000010001111000
What is -8a8 (base 16) in base 11?
-1735
What is 6c35 (base 15) in base 5?
1214000
What is -312 (base 6) in base 12?
-98
Convert -8a (base 16) to base 15.
-93
5bcc (base 13) to base 10
13012
Convert -71b2 (base 12) to base 7.
-51035
65d (base 14) to base 13
75b
What is 101203102 (base 4) in base 8?
214322
What is 24201 (base 5) in base 16?
709
Convert 3b82 (base 15) to base 6.
134522
-425 (base 6) to base 10
-161
Convert -2405 (base 7) to base 12.
-61b
Convert -1337a (base 13) to base 10.
-35760
Convert -1200012 (base 3) to base 5.
-14340
-1672a (base 12) to base 16
-7d92
What is -141324 (base 5) in base 4?
-1123033
Convert 75020 (base 9) to base 15.
ea60
4330 (base 6) to base 12
6a6
Convert 50c (base 15) to base 7.
3213
What is -2550 (base 14) in base 4?
-1212022
Convert -525 (base 6) to base 9.
-238
What is -1312 (base 6) in base 8?
-514
What is -107 (base 15) in base 2?
-11101000
Convert -6659 (base 13) to base 12.
-8312
What is -b5 (base 12) in base 10?
-137
What is -14c (base 13) in base 11?
-1a2
-2444243 (base 5) to base 14
-130c7
Convert -103300 (base 4) to base 8.
-2360
-24605 (base 11) to base 15
-a70c
What is 1020 (base 6) in base 12?
170
What is -412 (base 6) in base 12?
-108
Convert -453 (base 6) to base 11.
-151
What is -101010111100010 (base 2) in base 4?
-11113202
What is -1ad (base 15) in base 3?
-112101
What is 23222 (base 6) in base 11?
2554
Convert 9564 (base 12) to base 16.
3fdc
347 (base 13) to base 9
688
What is -5070 (base 14) in base 4?
-3113322
3032 (base 4) to base 5
1311
What is -8aa0 (base 15) in base 9?
-44286
1224 (base 14) to base 3
11100100
What is -101200121 (base 3) in base 16?
-1e70
10001010101010 (base 2) to base 4
2022222
Convert -6c90 (base 14) to base 7.
-106140
Convert 554 (base 16) to base 4.
111110
Convert -11548 (base 15) to base 12.
-27b35
What is 103643 (base 8) in base 3?
1202122001
1010011111011 (base 2) to base 3
21100221
What is -56b8 (base 16) in base 13?
-a149
Convert 5705 (base 11) to base 15.
2357
What is -1000011100011 (base 2) in base 16?
-10e3
-113221 (base 4) to base 16
-5e9
What is 11011 (base 5) in base 4?
23310
What is d7 (base 14) in base 10?
189
-1002200 (base 3) to base 2
-1100100001
-c43 (base 13) to base 5
-31313
-12bd (base 16) to base 6
-34113
What is -30a (base 11) in base 5?
-2443
Convert -857 (base 10) to base 16.
-359
What is 82a (base 15) in base 5?
24330
-695 (base 11) to base 5
-11310
-61605 (base 10) to base 11
-42315
What is -1001112 (base 3) in base 15?
-365
-1740 (base 9) to base 6
-10100
What is -100012002 (base 4) in base 11?
-4558a
What is 85 (base 15) in base 14?
8d
What is 11101010 (base 2) in base 11?
1a3
Convert 729 (base 10) to base 7.
2061
Convert 49 (base 15) to base 8.
105
Convert 10102 (base 3) to base 7.
161
Convert 5b08 (base 16) to base 7.
124641
What is 2935 (base 15) in base 9?
13085
What is -11656 (base 10) in base 13?
-53c8
-12300 (base 5) to base 15
-435
-10255 (base 6) to base 9
-1828
What is -d55 (base 15) in base 13?
-14a2
11555 (base 6) to base 2
11010111111
What is 21233 (base 8) in base 14?
332b
Convert 1200020 (base 3) to base 13.
72c
Convert -1222 (base 4) to base 8.
-152
What is 5528 (base 14) in base 9?
22183
104343 (base 5) to base 16
e8b
Convert 6196 (base 14) to base 2.
100000110011000
-1410 (base 5) to base 12
-172
-12481 (base 13) to base 14
-c41a
What is -857 (base 15) in base 9?
-2521
Convert -613 (base 13) to base 9.
-1364
-132 (base 5) to base 8
-52
21214 (base 5) to base 7
4116
242 (base 13) to base 3
112112
Convert 13353 (base 6) to base 15.
940
What is 103100 (base 4) in base 7?
3410
What is -126 (base 8) in base 2?
-1010110
-1068 (base 14) to base 11
-2149
Convert 10110101111111 (base 2) to base 15.
36b7
Convert -1941 (base 13) to base 14.
-1535
What is 8142 (base 13) in base 12?
a373
10010100011110 (base 2) to base 11
7159
-8ba (base 14) to base 13
-a33
What is -142b (base 15) in base 12?
-25b8
Convert a235 (base 13) to base 16.
5750
-3311322 (base 4) to base 6
-200510
What is -1011111110 (base 2) in base 3?
-1001101
What is -441031 (base 5) in base 6?
-154033
What is -9dc (base 15) in base 11?
-174a
1458 (base 10) to base 7
4152
What is -62361 (base 7) in base 8?
-35662
Convert -5fbc (base 16) to base 14.
-8d08
Convert 9a (base 15) to base 9.
171
What is -232213 (base 5) in base 6?
-103013
-1ca (base 16) to base 11
-387
What is -217024 (base 8) in base 7?
-423342
bc85 (base 15) to base 8
116016
20353 (base 6) to base 15
c23
What is -43765 (base 9) in base 14?
-a837
What is 2718 (base 12) in base 4?
1012010
Convert -200440 (base 5) to base 9.
-8657
Convert -124558 (base 9) to base 3.
-10211121222
What is -41634 (base 10) in base 6?
-520430
-14434 (base 10) to base 6
-150454
Convert 202200 (base 3) to base 11.
468
Convert a6 (base 15) to base 11.
132
Convert 42314 (base 7) to base 11.
7939
Convert -110110001 (base 2) to base 5.
-3213
What is -3501 (base 8) in base 2?
-11101000001
What is -7c94 (base 14) in base 11?
-15329
Convert 412102 (base 5) to base 4.
3101122
2276 (base 10) to base 13
1061
Convert -7b9 (base 14) to base 10.
-1535
What is -10111 (base 10) in base 6?
-114451
b90 (base 13) to base 7
5522
Convert 1011010001011 (base 2) to base 10.
5771
31 (base 12) to base 8
45
Convert db7 (base 15) to base 8.
6031
What is 4323 (base 8) in base 14?
b75
-2524 (base 14) to base 6
-50032
What is 1001001011111000 (base 2) in base 14?
d9d6
What is -1130330 (base 4) in base 8?
-13474
Convert -37565 (base 9) to base 4.
-12022202
What is -42656 (base 7) in base 5?
-320000
What is 3675 (base 10) in base 15?
1150
Convert 112033013 (base 4) to base 3.
11121221022
21560 (base 7) to base 6
41052
-104 (base 12) to base 9
-174
What is 212111210 (base 3) in base 11?
11971
101101011010 (base 2) to base 10
2906
What is 19857 (base 10) in base 6?
231533
What is 1296 (base 10) in base 16?
510
What is -2b11 (base 15) in base 7?
-35641
What is 21020 (base 6) in base 10?
2820
1526 (base 10) to base 5
22101
Convert 24791 (base 10) to base 12.
1241b
1162 (base 10) to base 15
527
-10000111 (base 2) to base 7
-252
-272 (base 10) to base 2
-100010000
Convert 101010011001100 (base 2) to base 16.
54cc
Convert -5387 (base 12) to base 3.
-110120211
Convert 512 (base 11) to base 16.
26a
What is 30232 (base 6) 